- 7. What is the highest common divisor of v and s?
3
Let i = 19 + -11. What is the greatest common divisor of i and 88?
8
Let x(p) = -p**2 + 17*p - 14. Let u be x(16). Calculate the highest common factor of u and 10.
2
Suppose 0*w = 3*w - 24. Let f = -18 + w. Let h be 990/25*f/(-3). What is the greatest common factor of 12 and h?
12
Let h be 0 + 14 + (-1 - -4). Let o = -12 + h. Calculate the greatest common divisor of 55 and o.
5
Suppose 5*p + 27 + 3 = 0. Let g be (-18)/12*16/(-3). Let t = g + p. Calculate the highest common factor of t and 2.
2
Let w(o) = o**2 - 2*o - 3. Let u be w(-2). Suppose -3*m = -u*z + 1 - 30, 4*m - 48 = 2*z. Calculate the highest common factor of 91 and m.
13
Let q(s) = s**2 - 8*s - 3. Let x be q(8). Let a(y) = -y**3 - 3*y**2 + 2*y - 1. Let n be a(x). Let m = -5 - n. What is the greatest common divisor of 8 and m?
2
Let z = 5 - 4. Suppose 5*n = -z + 11. Let s be (-43)/(-2) - (-4)/8. What is the highest common divisor of n and s?
2
Suppose 2*s + 6 = 3*s. Let d(t) = -t**2 + 8*t + 2. Let u be d(s). Let l = u - 3. Calculate the highest common divisor of 1 and l.
1
Suppose -3*m = 4*q - 405, -m + 54 = q - 48. Suppose -p + 1 = -0. Let y be -1 + p - (-22)/2. Calculate the greatest common factor of y and q.
11
Suppose -5*t + 120 = 5*f, 3*t + 7 = -2*f + 75. Calculate the greatest common factor of 16 and t.
4
Let b(m) = 6*m**2 + 3*m - 2. Let q be (2/(-5))/((-2)/10). Let o be b(q). What is the greatest common factor of o and 42?
14
Let x = -12 - -21. Let k be (-3 + 2)/((-3)/x). Let t be ((-18)/1)/((-2)/k). What is the greatest common divisor of 9 and t?
9
Let n(t) = 6*t + 2 + 13 - 2*t - 3*t. Let r(p) = p**3 - p**2 - 2*p + 1. Let u be r(-2). Let z be n(u). What is the greatest common divisor of 88 and z?
8
Suppose -t - 5 = -2*u, -t = 3*u - 0*t - 5. Suppose -u*i + 49 + 1 = 0. What is the highest common divisor of 10 and i?
5
Let c be (-1047)/(-5) + (-4)/10. Calculate the highest common divisor of c and 19.
19
Suppose -2*n + 273 = n - 3*d, 111 = n + 3*d. Let h = 25 + -13. What is the greatest common factor of n and h?
12
Let m be 1/(2*(-4)/(-80)). Suppose 0 = -4*n + 8, -4*n + 9*n = -3*d + 220. What is the greatest common divisor of d and m?
10
Let c = -51 + 53. Calculate the greatest common factor of 1 and c.
1
Let p = 8 - -19. What is the greatest common factor of p and 3?
3
Suppose -3*d = -184 + 4468. Let p be 2/11 - d/132. Calculate the greatest common divisor of p and 121.
11
Suppose 10 = 6*j - j. Suppose 0 = 2*p - t - 0*t - 3, 2*p - 2 = j*t. What is the highest common factor of 14 and p?
2
Suppose -5*x + 5*d - 50 = 0, 2*x + d + 10 = -16. Let c(u) = u**2 + 11*u - 4. Let o be c(x). Let t = o - -97. Calculate the highest common divisor of 15 and t.
15
Let y(i) = -i**3 - 29. Let j be y(0). Let v = j + 45. Calculate the greatest common factor of 80 and v.
16
Suppose 0 = -4*a + 4. Let g(m) = m**2 + 10*m + 15. Let x be g(-9). Let c be ((-80)/x)/(a/(-3)). What is the highest common divisor of 16 and c?
8
Let q be 8/(-44) + (-70)/(-22). Suppose -q*f + f + 2 = 0. Calculate the greatest common divisor of 5 and f.
1
Let r(v) = 39*v**2 + 1. Let g be r(-1). Calculate the highest common divisor of 100 and g.
20
Suppose 0*m = -5*r - 2*m + 60, -4*r - 5*m + 31 = 0. Calculate the highest common factor of 154 and r.
14
Let o = -8 - -85. Let f = -10 - -17. What is the greatest common factor of o and f?
7
Let f(r) = r**3 + 6*r**2 - 8*r - 4. Let m be f(-7). Let u = m + 0. Suppose 4*y - 3*h - 11 = -2, 6 = u*y - 3*h. What is the highest common factor of 15 and y?
3
Let s(k) = 28*k - 22. Let d be s(4). What is the highest common divisor of 10 and d?
10
Let y = -9 - -49. What is the greatest common divisor of y and 200?
40
Let q be (4/(-10))/((-2)/60). Let u = 7 - 4. What is the greatest common divisor of u and q?
3
Let w(s) = s**3 - 9*s**2 - 10*s + 8. Let a be w(10). What is the highest common divisor of a and 8?
8
Let i(j) = j**2 - 4*j - 10. Let m be i(7). Suppose 0 = q - 22 - 11. Calculate the greatest common factor of m and q.
11
Let l(n) = n + 1. Let o be l(2). Suppose o*f + 3*r - 12 = -2*f, -5*r + 20 = 0. Suppose f = -4*x - 10 + 74. Calculate the highest common divisor of 48 and x.
16
Suppose 0 = -5*u + 4*y + 5, 0 = 5*u + 2*y - 0*y - 5. Let b be (-29 - u)*(-16)/20. Calculate the highest common factor of b and 192.
24
Suppose -2 = -2*w - 2*z - 0*z, 4*w - 4*z = 12. Let f be (-2 + -1)/((-1)/15). Suppose 85 = w*c - f. What is the greatest common factor of c and 26?
13
Suppose -5*i + 13 + 2 = 0. Suppose 3*y + 5*o - 56 = 0, -o + 76 = 5*y + i*o. Calculate the greatest common divisor of y and 4.
4
Suppose -3*j = -0*j + 3*g - 6, g = 3*j - 10. Let i be j/(-2)*(-6 + 0). What is the highest common divisor of 63 and i?
9
Let f = 3 - 1. Suppose -j + 12 = -0*j - 3*c, -38 = -f*j - c. Calculate the greatest common divisor of 45 and j.
9
Suppose 6*h - 3*h - 18 = 0. Calculate the highest common factor of h and 4.
2
Let n(a) = -a**2 - 12*a - 3. Let z be n(-11). Let d be (-574)/(-11) + z/(-44). What is the greatest common factor of 13 and d?
13
Let r(w) = -w**2 - 12*w + 24. Let a be r(-13). Calculate the highest common divisor of 55 and a.
11
Let g(h) = h**3 - 20*h**2 + 20*h - 8. Let b be g(19). Suppose 54 = 2*s - 144. Calculate the greatest common factor of s and b.
11
Suppose u = -g - 3*u + 4, 0 = -5*g + u + 83. Let z = -1 + g. What is the highest common divisor of z and 120?
15
Suppose 4*r = 2*k - 130, 2*k - 313 = -3*k - 2*r. Suppose -33 = -2*q + k. Calculate the greatest common divisor of 6 and q.
6
Let o = 124 - 64. Suppose 4*b - 60 = m + 3*m, 4*b + 4*m = o. Let v be -2 - (-3)/(9/21). What is the highest common divisor of b and v?
5
Let z(h) = 5*h**2 + h - 4. Let p be z(6). Suppose 2*f = 4*l + p, -l - 20 = -6*l. What is the highest common divisor of 9 and f?
9
Suppose 22*u - 6*u - 368 = 0. Calculate the highest common divisor of 253 and u.
23
Suppose 2*q + 1270 = 7*q. Let b = q + -157. Let g = b - 57. What is the greatest common factor of 16 and g?
8
Suppose 844 = 9*x - 1136. Calculate the highest common factor of x and 20.
20
Let s(h) = h**3 + 11*h**2 - 15*h + 20. Let q be s(-12). Calculate the highest common divisor of 14 and q.
14
Let m(t) = -t - 1. Let r be m(-5). Let c = 0 - -28. Calculate the highest common divisor of c and r.
4
Let h be (-1)/3 + 102/(-18). Let w = h + 3. Let p be 1/w + 93/9. Calculate the highest common factor of p and 5.
5
Let m be (-4 + 3)/(2/(-4)). Suppose -m*f - 2 + 200 = 0. Let r be (-1)/(-4) - (-35)/4. What is the greatest common factor of r and f?
9
Let q = 236 + -71. Calculate the highest common factor of 15 and q.
15
Let c be 126/(-12)*(-4)/6. Let k(w) = -w + 10. Let i be k(c). Suppose -2*j + 43 = i. Calculate the greatest common factor of 8 and j.
4
Let x be -3 - ((-2)/2)/((-3)/(-144)). What is the greatest common factor of 18 and x?
9
Let h = 26 - -51. Calculate the greatest common factor of h and 11.
11
Suppose 3*l = -2*a + l + 4, -11 = 2*a - 3*l. Let q be a/((-1)/11 + 0). Calculate the highest common factor of q and 22.
11
Let k = 138 + -113. Calculate the greatest common factor of 5 and k.
5
Let d be (-1)/3 - (-510)/18. What is the greatest common divisor of d and 14?
14
Let b = -18 + 21. Suppose -3*c = 4*m + 20, c - 28 = 4*m + 2*c. Let z be (m/(-6))/((-2)/(-9)). What is the highest common factor of z and b?
3
Let h = -6 + 18. Suppose -2*s = -2, -122 = -5*t + 4*s - 6*s. Suppose g - t = -2*g. What is the highest common divisor of g and h?
4
Let n(i) = -3*i - 3. Let v be n(-2). Let d be 2 + -4 + 46/2. What is the greatest common factor of d and v?
3
Let t = -11 - -13. Let b = 18 - 4. Calculate the highest common factor of t and b.
2
Let l be 1 - (1 - 23) - (-11 + 12). Let i(r) = -100*r - 2. Let w be i(-2). What is the highest common factor of w and l?
22
Let k(n) = 2*n**2 + 0*n**2 - 7*n - 3*n**2 - 5. Let r be k(-4). What is the greatest common divisor of 7 and r?
7
Let s be (-4)/(-6) - (-32)/6. Let a be 4 + 0 + 0 + 2. Calculate the highest common factor of s and a.
6
Let s = 111 - 20. Let u be ((-2)/3)/(5 + 394/(-78)). Calculate the greatest common divisor of u and s.
13
Let q(s) = -s + 5. Let v be q(-6). Suppose 0 = x - 6*x + 385. Calculate the greatest common divisor of x and v.
11
Let d(m) = -m**3 - 6*m**2 - m + 3. Let l